2)/(-4 - 8)). Suppose -26*l + 7926 = -t. What is the units digit of l?
9
Suppose -480*v + 461*v + 34162 = 0. What is the hundreds digit of v?
7
Let n(v) = -v**3 - 12*v**2 + 48*v + 73. Let c be n(-19). Suppose 0 = 4*a + 4*a - c. What is the tens digit of a?
1
Suppose 3*j + 14 = -2*w - 1, 1 = j. Let x be 2/9 - (-2)/w. What is the hundreds digit of -1 - ((113 + x)/(-1) - -1)?
1
Suppose 3*t = 6, -4*w - 8975 = -4*t - 71291. What is the tens digit of w?
8
Suppose -n + 3*x = -0*n + 491, 1417 = -3*n - 5*x. Let r = 229 - n. What is the units digit of r?
8
Let a(r) = 282*r**2 - 16*r + 516. What is the thousands digit of a(-15)?
4
Let d(b) = -6*b + 8*b**2 + b + 5*b - 4*b - 14. Let o be d(-5). Suppose -2*r - 60 = -o. What is the units digit of r?
3
Let o be 13*(-3 + -3)/(9/(-474)). Suppose 7*y - 14398 = -o. Suppose 11*u - 4*u - y = 0. What is the hundreds digit of u?
2
Let u(a) = 10*a**2 - 18*a + 31. Let g be 6/(-5)*(-320)/48. What is the tens digit of u(g)?
2
Suppose -14*m + 783 = -11*m. Let w = m + -191. What is the units digit of w?
0
Let t = 5 + 0. Let f(y) = 2*y**2 - 10*y + 14. Let s be f(t). Suppose -90 = -3*z + 5*o, 0 = -5*o + 1 + s. What is the tens digit of z?
3
Suppose 3*a - 118 + 19 = 0. Suppose -a*f = -30*f - s - 3682, 0 = 4*f - 5*s - 4913. What is the hundreds digit of f?
2
Suppose 5*b - 3*k = 117, 0 = -4*b - 0*b + 3*k + 96. Let i = -18 + b. Suppose 10 = 2*x, -i*j = -2*j + x - 31. What is the units digit of j?
6
Suppose 8*v = 20*v - 36. Suppose -22*d = -21*d - v. Suppose 4*t + 3*x - 974 = 2*x, t + d*x = 249. What is the units digit of t?
3
Suppose 6*i + 1399 = -25*i + 95112. What is the hundreds digit of i?
0
Let v = -189 - -24. What is the units digit of 2*1 + -8 + v/(-11)?
9
Suppose 4*k = 189 + 23. Suppose 0 = -25*h + 6222 + k. What is the tens digit of h?
5
What is the ten thousands digit of (-252652)/(-9) - ((9576/81)/14 + -8)?
2
Suppose -578*t = -569*t - 63. Let i(p) = -7*p**3 + 13*p**2 + 7*p + 6. Let w(f) = f**3 - f**2. Let g(x) = i(x) + 6*w(x). What is the units digit of g(t)?
5
Let r be (-10)/(-2)*((-8)/(-10))/2. Suppose -10 = -5*b, -r*o - 3*b = 3*o + 2444. Let k = -311 - o. What is the hundreds digit of k?
1
What is the hundreds digit of ((-8241)/82)/((-9)/2010)?
4
Let s = 3992 + -2364. What is the units digit of s?
8
Let c be (1/(-4))/(8/(-160)). Suppose 0 = 2*m + 2*m - c*m. What is the units digit of -8*(-3 - (-2 + m))?
8
Let i be (7 + -6 + -4)*-159. Suppose n + 775 = 5*y, -3*n - i = 2*y - 5*y. What is the hundreds digit of y?
1
Suppose -90*l = -85*l + 210. What is the tens digit of 36 + 1 + (-10)/((-140)/l)?
3
Let t be 2/(16/40 - 7/5). Let u be ((-36)/54)/(t/(-411)) + 4. Let o = 362 + u. What is the hundreds digit of o?
2
Let b be 132/(-99) + (-5)/3*727. Let c = -823 - b. What is the hundreds digit of c?
3
Suppose 4*n + 25 = -n. What is the tens digit of -1 - (-198 - (n - (-6)/1))?
9
Let v(h) = 47*h - 115. Let o(t) = 18*t - 138. Let q be o(8). What is the units digit of v(q)?
7
Suppose 25*o = 13*o + 39092 + 66160. What is the tens digit of o?
7
Let f = 2897 + 3916. What is the thousands digit of f?
6
Let i = -4627 - -38839. What is the hundreds digit of i?
2
Let b be ((-24)/6 + 11/3)*-15. Suppose 0 = -5*r + r - b*p + 709, 2*p = -r + 181. What is the tens digit of r?
7
Suppose 7073 = -4*r - 2*b + 62927, -b - 69800 = -5*r. What is the thousands digit of r?
3
Let q(s) = -s. Let h be q(0). Let l be 77 + 4 + h/(-3). What is the units digit of (-4)/(-4) - (0 - l)?
2
Let r = -10 + 17. Let o(q) be the first derivative of q**3 - 5*q**2/2 - 26*q - 80. What is the units digit of o(r)?
6
Let d = 5504 + -3112. What is the thousands digit of d?
2
Let a(d) be the second derivative of 2*d**3/3 + d**2 + 35*d. Let l be a(0). What is the units digit of (6 + l)*(4 - 2)?
6
Suppose 0 = 24*v + 32 - 32. Suppose -38*c + 36*c + 688 = v. What is the hundreds digit of c?
3
Suppose -3*v + 11 = 4*m, 3*v = -3*m + 10 - 4. What is the tens digit of (563/2)/(8/80*m)?
6
Suppose 0*d = -3*d. Suppose -13*c + 9*c - 36 = d. Let q = 2 - c. What is the tens digit of q?
1
Let c be ((-892)/(-12))/(14/12 + -1). Let g = 0 + 8. Suppose 3*s + 2*v - g = 270, v + c = 5*s. What is the units digit of s?
0
Let t(u) = -3*u - 1. Let g be t(-1). Let h be (4/10)/((2 + g)/100). Suppose 14*a = h*a + 120. What is the units digit of a?
0
Suppose -2*q + 24 = -4*o + 4, 3*q + 3*o = 12. Let r(x) be the second derivative of 5*x**4/12 - x**3 + x**2 - 7*x. What is the units digit of r(q)?
6
Suppose 5*y = -61 - 114. What is the hundreds digit of 3/(-15) + (-9247)/y?
2
Let b(a) = 2*a**2 + 24*a - 26. Let s be b(-12). Let c = s + 24. What is the tens digit of (-5)/(c/(-12) + (-255)/1350)?
2
What is the hundreds digit of 295462/20 - 256/2560?
7
Let b(x) = 57042*x**2 + 280*x - 283. What is the units digit of b(1)?
9
Let g(r) = 383*r - 3432. What is the hundreds digit of g(55)?
6
Suppose 10*w - w - 36 = 0. Suppose 4*m - 1310 = -2*k, 3*m - 3 = -w*k + 992. What is the hundreds digit of m?
3
Let d(z) = -21 - 34*z - 23 - 8 - 27. What is the tens digit of d(-6)?
2
Let v be (6/(3 - (5 + 0)))/(-1). What is the tens digit of (-32976)/(-54) - 5/v?
0
Let c = 8739 + 1291. What is the ten thousands digit of c?
1
Let v(d) be the second derivative of -5*d**5 - d**4/12 + 4*d**3/3 + 4*d**2 + 70*d. What is the tens digit of v(-1)?
9
Let b(d) = -249*d - 531. What is the hundreds digit of b(-72)?
3
Let g be (-2144)/144 - -15 - (-62)/9. Let k(a) = 15*a**2 - 21*a - 28. What is the hundreds digit of k(g)?
5
Let w = -539 - -544. Suppose 0 = -5*d - w*r + 6540, 91*r + 3959 = 3*d + 87*r. What is the tens digit of d?
1
Let x = -964 + 964. Suppose -3*r - 5*z - 3651 = -7*r, x = -2*r - 2*z + 1812. What is the hundreds digit of r?
9
Let r(s) = 69*s**2 - 6*s + 984. What is the tens digit of r(-30)?
6
What is the hundreds digit of 5/(-4) + 20/(640/156904)?
9
Let t = -13358 + 18797. What is the hundreds digit of t?
4
Let g(m) = m + 25. Suppose 30 = b - 6*b. What is the units digit of g(b)?
9
Suppose 8*i - 2*w - 32 = 4*i, -4*w + 27 = 5*i. What is the hundreds digit of 426 + (-63)/i + 5?
4
Suppose -5*x = -2*o + 26441, 10*o - 13*o - 4*x = -39673. What is the ten thousands digit of o?
1
Let f = -48 - -70. Suppose -3*b - 2*b + 31 = 3*d, 2*d - f = -4*b. Suppose d*o = 5*o + 166. What is the units digit of o?
3
Let f(d) = 209*d**2 - 37*d + 336. What is the tens digit of f(7)?
1
Let s = 26 + -6. Let j be (-477)/2*(s/(-6) - -2). Suppose 18*q = 12*q + j. What is the tens digit of q?
5
Let z be (-8 + -4)/(-4) - (35 - 2). Let u = z + 35. What is the units digit of u*((-480)/70)/(10/(-28))?
6
What is the thousands digit of 0 + 15786 + (-3 + -4 - -5) - 2?
5
Suppose -133 = -5*t - 3*f, -4*t - 4*f + 42 = -2*t. Let p = t - 30. What is the units digit of ((-3)/5 - p)*190?
6
Suppose 3*n = -3*m + 89061, 0 = 28*m - 31*m + 4*n + 89075. What is the hundreds digit of m?
6
Let q = 175 - 172. Suppose 74 = i + 4*z, 7*z + 216 = 4*i + q*z. What is the tens digit of i?
5
Let f = 4 + -4. Suppose f*q - 6*q = 30. What is the tens digit of q/15 - (566/(-6) + 0)?
9
Let s = -51 + 25. Suppose 2*f - 207 = 85. Let y = f + s. What is the tens digit of y?
2
Let h(s) = 22*s + 30. Let o be h(8). Suppose 91*v - 93*v = -o. What is the hundreds digit of v?
1
Let v(y) = -3 + 2145*y + 13*y**2 - 2156*y + 20. What is the thousands digit of v(-10)?
1
Let x = 5516 - -1392. What is the thousands digit of x?
6
Suppose 5*r - 4*d - 7965 = 0, 8*d = -3*r + 11*d + 4782. Suppose 4*s + r = 3*l, -s = -l - 5*s + 535. What is the tens digit of l?
3
Let f(w) = 2*w**2 - 15*w - 43. Let p(k) = 9*k - 80. Let m be p(7). What is the tens digit of f(m)?
9
Let u be ((-2)/4)/((-2)/(-3204)). Let a be ((-9)/27)/((-3)/u). Let m = 97 - a. What is the tens digit of m?
8
Suppose -l + 5*g = 2*g + 23, 0 = 3*l - g + 61. Let s be -12*l/75 - (-1)/(-5). What is the units digit of (4*s)/((-6)/(-36))?
2
Let h(m) = 69*m - 19. Suppose -2*o + 16 = 5*k, 6*k = 4*k - 3*o + 2. What is the hundreds digit of h(k)?
2
Suppose -5*g + 1 = -9. Suppose -g*t + 2*c = -0*t - 8, 4*c = -5*t + 20. Let m(j) = 5*j - 16. What is the units digit of m(t)?
4
Suppose -2*v - j = 9, -2*j - 15 + 5 = 0. What is the tens digit of 17/((-408)/(-3152)) - v/(-6)?
3
Let r = 68 - 123. Let d(n) = 3*n**3 + 2*n**2 - 3*n + 1. Let u be d(3). Let t = r + u. What is